{"id":128,"date":"2025-10-15T07:47:24","date_gmt":"2025-10-15T07:47:24","guid":{"rendered":"https:\/\/instalo-antunovic.hr\/?page_id=128"},"modified":"2025-10-15T08:14:44","modified_gmt":"2025-10-15T08:14:44","slug":"intervencija-73-12","status":"publish","type":"page","link":"https:\/\/instalo-antunovic.hr\/?page_id=128","title":{"rendered":"INTERVENCIJA 73.12"},"content":{"rendered":"\r\n<figure>&nbsp; &nbsp; &nbsp; &nbsp; &nbsp; &nbsp; &nbsp; &nbsp; &nbsp; &nbsp; &nbsp; &nbsp; &nbsp; &nbsp; &nbsp; &nbsp; &nbsp; &nbsp; &nbsp; &nbsp; &nbsp; &nbsp; &nbsp; &nbsp; &nbsp; &nbsp; &nbsp; &nbsp; &nbsp; &nbsp; &nbsp; &nbsp; &nbsp; &nbsp; &nbsp; &nbsp; &nbsp; &nbsp; &nbsp; &nbsp; &nbsp; &nbsp; &nbsp; &nbsp; &nbsp; &nbsp; &nbsp; &nbsp; &nbsp; &nbsp; &nbsp; &nbsp; &nbsp; &nbsp; &nbsp; &nbsp; &nbsp; &nbsp; &nbsp; &nbsp; &nbsp; &nbsp; &nbsp; &nbsp; &nbsp; &nbsp; &nbsp; &nbsp; &nbsp; &nbsp; &nbsp; &nbsp; &nbsp; &nbsp; &nbsp; &nbsp;<\/figure>\r\n<figure>&nbsp; &nbsp; &nbsp; &nbsp; &nbsp; &nbsp; &nbsp; &nbsp; &nbsp; &nbsp; &nbsp; &nbsp; &nbsp; &nbsp; &nbsp; &nbsp; &nbsp; &nbsp; &nbsp; &nbsp; &nbsp; &nbsp; &nbsp; &nbsp; &nbsp; &nbsp; &nbsp; &nbsp; &nbsp; &nbsp; &nbsp; &nbsp; &nbsp; &nbsp; &nbsp; &nbsp; &nbsp; &nbsp; &nbsp; &nbsp; &nbsp; &nbsp; &nbsp; &nbsp; &nbsp; &nbsp; &nbsp; &nbsp; &nbsp; &nbsp; &nbsp; &nbsp; &nbsp; &nbsp; &nbsp; &nbsp; &nbsp; &nbsp; &nbsp; &nbsp; &nbsp; &nbsp; &nbsp; &nbsp; &nbsp; &nbsp; &nbsp; &nbsp; &nbsp; &nbsp; &nbsp; &nbsp; &nbsp; &nbsp; &nbsp; &nbsp; &nbsp;NAZIV ULAGANJA:<\/figure>\r\n<p>&nbsp;<\/p>\r\n<figure>&nbsp; &nbsp; &nbsp; &nbsp; &nbsp; &nbsp; &nbsp; &nbsp; &nbsp; &nbsp; &nbsp; &nbsp; &nbsp; &nbsp; &nbsp; &nbsp; &nbsp; &nbsp; &nbsp; &nbsp; &nbsp; &nbsp; &nbsp; &nbsp; &nbsp; &nbsp; &nbsp; &nbsp; &nbsp; &nbsp; &nbsp; &nbsp; &nbsp; &nbsp; &nbsp; &nbsp; &nbsp; &nbsp; &nbsp; &nbsp; &nbsp; &nbsp; &nbsp; &nbsp; &nbsp; &nbsp; &nbsp; &nbsp; &nbsp; &nbsp; &nbsp; &nbsp; &nbsp; &nbsp; &nbsp; &nbsp; &nbsp; &nbsp; &nbsp; &nbsp; &nbsp; &nbsp; &nbsp; &nbsp;Modernizacija proizvodnje u obrtu Instalo Antunovi\u0107<\/figure>\r\n<p>&nbsp;<\/p>\r\n<figure class=\"wp-block-image size-large\"><img loading=\"lazy\" decoding=\"async\" class=\"wp-image-120 aligncenter\" src=\"https:\/\/instalo-antunovic.hr\/wp-content\/uploads\/2025\/10\/instalo-antunovic-tabla-i-naljepnica-1024x724.jpg\" alt=\"\" width=\"410\" height=\"290\" srcset=\"https:\/\/instalo-antunovic.hr\/wp-content\/uploads\/2025\/10\/instalo-antunovic-tabla-i-naljepnica-1024x724.jpg 1024w, https:\/\/instalo-antunovic.hr\/wp-content\/uploads\/2025\/10\/instalo-antunovic-tabla-i-naljepnica-300x212.jpg 300w, https:\/\/instalo-antunovic.hr\/wp-content\/uploads\/2025\/10\/instalo-antunovic-tabla-i-naljepnica-768x543.jpg 768w, https:\/\/instalo-antunovic.hr\/wp-content\/uploads\/2025\/10\/instalo-antunovic-tabla-i-naljepnica-370x262.jpg 370w, https:\/\/instalo-antunovic.hr\/wp-content\/uploads\/2025\/10\/instalo-antunovic-tabla-i-naljepnica-760x537.jpg 760w, https:\/\/instalo-antunovic.hr\/wp-content\/uploads\/2025\/10\/instalo-antunovic-tabla-i-naljepnica.jpg 1485w\" sizes=\"auto, (max-width: 410px) 100vw, 410px\" \/><\/figure>\r\n\r\n\r\n\r\n<p>&nbsp;<\/p>\r\n\r\n\r\n\r\n<p style=\"text-align: center;\">Iznos projekta: 32.319,88 EUR<br>Ukupna potpora: 27.240,89 EUR<br>Financijska potpora Unije: 21.792,71 EUR<\/p>\r\n\r\n\r\n\r\n<p style=\"text-align: center;\">OPIS:<\/p>\r\n\r\n\r\n\r\n<p style=\"text-align: center;\">Projekt se fokusira na modernizaciju i unapre\u0111enje poljoprivrednog gospodarstva Obrt Instalo Antunovi\u0107 kroz kupnju nove mehanizacije te anga\u017eiranje konzultanta za operativno poslovanje. Ovo ulaganje \u0107e direktno doprinijeti pobolj\u0161anju efikasnosti i produktivnosti gospodarstva, smanjenju operativnih tro\u0161kova te pove\u0107anju konkurentnosti na tr\u017ei\u0161tu. Projekt ima za cilj unaprijediti poljoprivredne aktivnosti Obrt Instalo Antunovi\u0107 kroz nabavku moderne mehanizacije, \u010dime \u0107e se smanjiti vrijeme i tro\u0161kovi obavljanja poljoprivrednih radova, pove\u0107ati efikasnost i produktivnost te unaprijediti cjelokupno poslovanje gospodarstva. Realizacijom projekta, Obrt Instalo Antunovi\u0107 \u0107e ostvariti zna\u010dajne prednosti u modernizaciji, produktivnosti i konkurentnosti. Kupnja mehanizacije te anga\u017eiranje konzultanta omogu\u0107it \u0107e efikasnije obavljanje poljoprivrednih poslova, smanjenje operativnih tro\u0161kova te unapre\u0111enje poslovnih procesa, \u0161to \u0107e dovesti do pove\u0107anja proizvodnog kapaciteta i prihoda gospodarstva.<\/p>\r\n\r\n\r\n\r\n<p>&nbsp;<\/p>\r\n","protected":false},"excerpt":{"rendered":"<p>&nbsp; Iznos projekta: 32.319,88 EURUkupna potpora: 27.240,89 EURFinancijska potpora Unije: 21.792,71 EUR OPIS: Projekt se fokusira na modernizaciju i unapre\u0111enje poljoprivrednog gospodarstva Obrt Instalo Antunovi\u0107 kroz kupnju nove mehanizacije te anga\u017eiranje konzultanta za operativno poslovanje. Ovo ulaganje \u0107e direktno doprinijeti pobolj\u0161anju efikasnosti i produktivnosti&hellip;<\/p>\n","protected":false},"author":1,"featured_media":0,"parent":0,"menu_order":0,"comment_status":"closed","ping_status":"closed","template":"","meta":{"ngg_post_thumbnail":0,"footnotes":""},"class_list":["post-128","page","type-page","status-publish","hentry"],"_links":{"self":[{"href":"https:\/\/instalo-antunovic.hr\/index.php?rest_route=\/wp\/v2\/pages\/128","targetHints":{"allow":["GET"]}}],"collection":[{"href":"https:\/\/instalo-antunovic.hr\/index.php?rest_route=\/wp\/v2\/pages"}],"about":[{"href":"https:\/\/instalo-antunovic.hr\/index.php?rest_route=\/wp\/v2\/types\/page"}],"author":[{"embeddable":true,"href":"https:\/\/instalo-antunovic.hr\/index.php?rest_route=\/wp\/v2\/users\/1"}],"replies":[{"embeddable":true,"href":"https:\/\/instalo-antunovic.hr\/index.php?rest_route=%2Fwp%2Fv2%2Fcomments&post=128"}],"version-history":[{"count":7,"href":"https:\/\/instalo-antunovic.hr\/index.php?rest_route=\/wp\/v2\/pages\/128\/revisions"}],"predecessor-version":[{"id":137,"href":"https:\/\/instalo-antunovic.hr\/index.php?rest_route=\/wp\/v2\/pages\/128\/revisions\/137"}],"wp:attachment":[{"href":"https:\/\/instalo-antunovic.hr\/index.php?rest_route=%2Fwp%2Fv2%2Fmedia&parent=128"}],"curies":[{"name":"wp","href":"https:\/\/api.w.org\/{rel}","templated":true}]}}